at is 367 - 14?
353
In base 10, what is 22121 - 2?
22119
In base 13, what is 9c + 154c?
161b
In base 7, what is 13 + 1010433?
1010446
In base 14, what is 1b0 + 107?
2b7
In base 3, what is 22 + 111021122?
111021221
In base 10, what is -3 - -202709?
202706
In base 12, what is -1 + 8a2?
8a1
In base 11, what is 11 + -1994?
-1983
In base 14, what is -16c - -13b?
-31
In base 11, what is 391 - -a69?
134a
In base 10, what is 98 + -97800?
-97702
In base 10, what is 15678 + 1?
15679
In base 9, what is -8622 + 623?
-7888
In base 2, what is 100011111111111111 - -10?
100100000000000001
In base 6, what is -114230525 - 4?
-114230533
In base 4, what is -32303 + 3332?
-22311
In base 10, what is 1 - -264771?
264772
In base 10, what is 6939 - -145?
7084
In base 9, what is 71 + 1087?
1168
In base 6, what is 10410520 + 5?
10410525
In base 13, what is c8 + -744?
-649
In base 16, what is d - -3024?
3031
In base 2, what is 101 - -11010010011001000100?
11010010011001001001
In base 3, what is -21112 + 221?
-20121
In base 16, what is 97 - 146?
-af
In base 10, what is -60 + -6473?
-6533
In base 12, what is 1 + 70aa?
70ab
In base 13, what is 13a - -15?
152
In base 15, what is -e + -2ac8?
-2ad7
In base 9, what is -787 + -10?
-807
In base 5, what is -43434134 - 1?
-43434140
In base 12, what is 181a - 22?
17b8
In base 4, what is -32233 - 132?
-33031
In base 8, what is -4 + 202330?
202324
In base 16, what is 475 - 4?
471
In base 14, what is -5 - -2745a1?
27459a
In base 8, what is -612 - 740?
-1552
In base 14, what is 1029 - 4?
1025
In base 10, what is 137 + 48910?
49047
In base 8, what is -24407 - 256?
-24665
In base 12, what is -a72 - -2?
-a70
In base 12, what is -1 + 22169?
22168
In base 11, what is -4372 - -31?
-4341
In base 7, what is -4034 + 0?
-4034
In base 11, what is 3 + -29554?
-29551
In base 16, what is -130d36 - 1?
-130d37
In base 15, what is 4 - c55c3?
-c55be
In base 10, what is 25648 - 1?
25647
In base 13, what is 1620 + -4?
1619
In base 16, what is -4 - 1c08e?
-1c092
In base 7, what is -2101 + -16?
-2120
In base 12, what is 3b3 - -1568?
195b
In base 16, what is -4 - 21897?
-2189b
In base 2, what is 10 + 11011100001001001?
11011100001001011
In base 11, what is -60 + -761?
-811
In base 7, what is -15133 + -23?
-15156
In base 3, what is -10002211020 - 120?
-10002211210
In base 13, what is 15856 + 6?
1585c
In base 6, what is -1 - -53134?
53133
In base 12, what is 6122 - -26?
6148
In base 10, what is 747 + -32?
715
In base 3, what is -12120 + -220222011?
-221011201
In base 16, what is -7 - -66fa?
66f3
In base 7, what is -31344 - -105?
-31236
In base 8, what is 2335433 + -5?
2335426
In base 3, what is 10 + -102221221?
-102221211
In base 11, what is 11a5 - -269?
1463
In base 16, what is -b34b + 5?
-b346
In base 4, what is 11 + 122122212?
122122223
In base 6, what is -205232 + -55?
-205331
In base 10, what is -79524 - 5?
-79529
In base 12, what is 3 + -180b?
-1808
In base 6, what is -235040 + -3?
-235043
In base 2, what is 10011010110110000 + -101?
10011010110101011
In base 6, what is -3332 - -350?
-2542
In base 9, what is -554 - -186?
-357
In base 5, what is 1112 - -1042?
2204
In base 9, what is -626 - 78?
-715
In base 16, what is ef54 - 33?
ef21
In base 2, what is 10010111 + 1110001011?
10000100010
In base 3, what is 1022001222 + -202?
1022001020
In base 15, what is -3 - -a02?
9ee
In base 11, what is -a4 - -38?
-67
In base 5, what is 0 + 222424?
222424
In base 13, what is 83 - -85?
138
In base 3, what is -11222112 - -22?
-11222020
In base 2, what is 1 - 110000111000111?
-110000111000110
In base 13, what is -4 + -3908?
-390c
In base 7, what is -44 - -15124?
15050
In base 11, what is 16a0 + -511?
118a
In base 14, what is 1 + 3d3a30?
3d3a31
In base 3, what is -1000 - 11210212?
-11211212
In base 5, what is -12204 - 14?
-12223
In base 14, what is -1 - 56ad2?
-56ad3
In base 10, what is -13 + -4647?
-4660
In base 3, what is -120001 - -10102?
-102122
In base 8, what is 0 - -411165?
411165
In base 11, what is -512 - 847?
-1259
In base 8, what is -404 + 544?
140
In base 3, what is -1010020 + 1022?
-1001221
In base 13, what is 3 - -74474?
74477
In base 4, what is -312 + 132020?
131102
In base 9, what is -14835 - -4?
-14831
In base 15, what is -b + -2a2?
-2ad
In base 7, what is 2 + -20005?
-20003
In base 9, what is -4 + -13872?
-13876
In base 14, what is 37a28 - 5?
37a23
In base 7, what is -1051 - -3122?
2041
In base 14, what is -1 - 1108?
-1109
In base 5, what is -11114204 + -11?
-11114220
In base 3, what is 11021 + 1211?
20002
In base 2, what is 11101100111100 - -10100111?
11101111100011
In base 7, what is -440031 + 3?
-440025
In base 4, what is -2 - -231210?
231202
In base 13, what is -5 - 5b6ac?
-5b6b4
In base 9, what is 0 + -11701?
-11701
In base 6, what is 112033 + -2003?
110030
In base 10, what is 1 + -60737?
-60736
In base 5, what is -23 + -31202?
-31230
In base 9, what is 1 + -50170?
-50168
In base 13, what is 23 + -a?
16
In base 5, what is 2242340 - 1?
2242334
In base 8, what is 126202 + -4?
126176
In base 4, what is -1 - -1221221021?
1221221020
In base 2, what is -1011110000 + -1010?
-1011111010
In base 6, what is 5152001 - 12?
5151545
In base 2, what is -101001101 + 11010101?
-1111000
In base 15, what is -7 - 604?
-60b
In base 14, what is 3cc + -1359?
-d6b
In base 4, what is 11 - 1021300?
-1021223
In base 9, what is 0 - -6862?
6862
In base 14, what is -6402 + -1?
-6403
In base 5, what is -4 - 414230?
-414234
In base 9, what is -3072472 - 4?
-3072476
In base 11, what is 3 - -7110?
7113
In base 9, what is -50 - -1402?
1342
In base 4, what is 2 - -3332203?
3332211
In base 2, what is -110111100011010010 + -1?
-110111100011010011
In base 4, what is -11 + 1303130?
1303113
In base 3, what is 12 - -11011001022?
11011001111
In base 8, what is -114615 + 21?
-114574
In base 6, what is -3 + 1001200?
1001153
In base 5, what is -2303 - 324111?
-331414
In base 13, what is -91b + 1?
-91a
In base 2, what is 110011101011101101 + -101?
110011101011101000
In base 5, what is 3 - -10300302?
10300310
In base 10, what is 277871 + -2?
277869
In base 2, what is 10110010011001 + 0?
10110010011001
In base 7, what is 1150435 - -13?
1150451
In base 11, what is 3 - -215332?
215335
In base 2, what is -1111011010110000001010 + -10?
-1111011010110000001100
In base 3, what is -210 - -1020100?
1012120
In base 10, what is 207039 + 2?
207041
In base 14, what is 365 - 3?
362
In base 3, what is -101221212 + -11?
-101222000
In base 13, what is -7 - -a68?
a61
In base 6, what is 2402515 - 11?
2402504
In base 11, what is -40 + 28477?
28437
In base 14, what is -4 - 2d7?
-2db
In base 2, what is -111101011100001000 - 11?
-111101011100001011
In base 16, what is 19 + -5b40?
-5b27
In base 5, what is 140302 - 222?
140030
In base 15, what is -3a1e - d?
-3a2c
In base 16, what is -f8 - 16a?
-262
In base 3, what is 21122 - -1011220?
1110112
In base 14, what is -23960 + -4?
-23964
In base 14, what is ad67 + -9?
ad5c
In base 2, what is 100 - -10110111111100000000?
10110111111100000100
In base 15, what is a76a - -5?
a770
In base 8, what is -446 + -302?
-750
In base 9, what is -35 - 51785?
-51831
In base 7, what is 6426 + 0?
6426
In base 11, what is 115 + 117?
231
In base 16, what is 38b3 + -17?
389c
In base 16, what is 5 + -6ff5?
-6ff0
In base 7, what is 0 + -4351?
-4351
In base 4, what is 2002123233 + -2?
2002123231
In base 12, what is bb2 + -141?
a71
In base 3, what is 12 + 22221100022?
22221100111
In base 4, what is 1010320 + -2?
1010312
In base 14, what is 2ca36 - 2?
2ca34
In base 7, what is 3 + -10055?
-10052
In base 3, what is 100222101100 + 101?
100222101201
In base 15, what is -dbd42 - 3?
-dbd45
In base 3, what is 2110020 + 1102?
2111122
In base 16, what is 11 - -268ac?
268bd
In base 3, what is -102020110 - -11?
-102020022
In base 13, what is 83 - 81?
2
In base 6, what is 2011 - 112?
1455
In base 10, what is 2 + 187977?
187979
In base 12, what is -18340 + 0?
-18340
In base 10, what is -2 - -3908?
3906
In base 16, what is -73d4 + -1b?
-73ef
In base 8, what is -5115 - -2?
-5113
In base 10, what is 179900 - 2?
179898
In base 2, what is 10 + -1000001111000101111?
-1000001111000101101
In base 14, what is 7d0 + -33?
79b
In base 2, what is 0 + 1100010001111?
1100010001111
In base 2, what is -1000010 - -10010010111?
100